6) + -1 + -12.
1
What is the value of -1 + 0 + -1415 + 1387?
-29
Calculate 23 + 5 + 7 + 11 + -15.
31
Calculate 1 + 2 + -1 + (58 - (52 + 3)).
5
What is -13 + (42 - 25) - -19?
23
18 - (24 + 15) - (-13 - -1)
-9
Calculate -30 - -55 - (4 - -33).
-12
Evaluate (-70 - -83 - (-3 + 17)) + 12.
11
Evaluate 23 - 18 - 5 - (-3 + 10).
-7
What is 7 + -1 + -55 + 48 - -4?
3
Calculate (-29 - -24) + -1 + -2.
-8
Evaluate 1 - (0 + -2) - (22 + -5 - -1).
-15
Evaluate -30 + 29 + 7 + -15.
-9
What is (-2 - 4 - (-21 + 5)) + 9?
19
What is the value of -158 - -123 - (7 + -4)?
-38
6 + (-7 - ((-3 - -2) + 4 + -9))
5
(23 - 8) + -2 + (4 - 2)
15
What is the value of 1 + -10 + 628 + -627?
-8
Evaluate 0 + (9 - -2 - (2 - -3)) - 15.
-9
Calculate -1 - (0 + -4 + (2 - 7)).
8
What is the value of -7 + 17 - (13 - (17 - 22))?
-8
Evaluate 0 + 0 - (23 + 11 + -40).
6
What is 4 + -7 + 10 + -10 - 8?
-11
Evaluate (6 - -5) + 0 + (3 - 7).
7
What is the value of -9 + (15 + -12 - -13) - (9 - 0)?
-2
What is the value of 35 - (1 - -18 - 18 - -15)?
19
What is 5 + 6 + -6 + 9 + 7 + -2?
19
-9 + (-9 - (-2 - (11 + 6))) + 1
2
(-23 + 15 - ((-2 - 3) + -2)) + -1
-2
What is the value of -10 - (-5 + -1 + 1)?
-5
What is (-9 - 1) + (22 - 19) + (-5 - 2)?
-14
What is the value of 10 - (-8 - -14) - (2 - (-2 - 0))?
0
Evaluate -2 + 6 + -1 + (3 - -2).
8
What is -18 + -3 + 12 - -1?
-8
What is the value of -17 + (11 - 6) + 0?
-12
-19 + 13 - (-14 + 2 + 9)
-3
Calculate (-1 - -19 - 1) + -2806 + 2801.
12
What is the value of 29 - (33 + -50 + 2 + 18)?
26
What is the value of -6 - (2 + 1 + 2)?
-11
Evaluate 1 + -5 + (-6 + 3 + -13 - -7).
-13
What is the value of (336 - 348) + (13 - (-1 - -3))?
-1
Calculate 51 + -40 + (-19 - -2) - -15.
9
What is the value of 6 + -3 - (14 + 1 + -10 + 5)?
-7
Calculate (298 - 287) + -33 + 4.
-18
What is -132 + 130 - (-22 + 6)?
14
Calculate 369 + -372 + (-7 - ((-2 - 0) + 1)).
-9
What is -1 + 1 + (-128 + 141 - (0 + 28))?
-15
30 - (39 - (-30 - -24))
-15
Evaluate -3 - (-1 + 3) - (-2 - 2).
-1
What is the value of -11 + (16 - (-1 - 3) - 4) + -19?
-14
What is the value of 0 - (1 - -2) - (-46 - -34) - -4?
13
What is (-12 - -30) + 2 + (-10 - -3) + 16?
29
What is the value of -7 - (-10 - (0 + (7 - 13)))?
-3
What is the value of -10 + 10 - (-5 - (7 + -3))?
9
Evaluate -8 - (-17 - -11 - (0 - 0)).
-2
What is -2 + (7 - -6) - -15?
26
What is the value of -5 + -5 + (-1 + 1 - (5 - 1))?
-14
5 - (-3 + 6 + 13 - 9)
-2
What is the value of -123 + 120 + 0 + -11 - -29?
15
3 - (-3 - 2) - (28 + -27)
7
(-12 - (-14 - 14)) + (2 - 5) + 1
14
What is the value of -8 - 1 - (-23 - (-54 + 38))?
-2
What is 10 - (8 - -2 - (9 - -34 - 20))?
23
What is (-2 - -18) + 133 + -145?
4
Calculate 40 + 7 + -22 + -10.
15
Calculate (-8 + -1 - (-18 - -11 - 1)) + -19.
-20
Calculate 2 + -12 + 7 + -8 + (-2 - 0).
-13
What is the value of -1 + -5 - (-12 + -19 + 25)?
0
-10 - -17 - (5 + 8 + -3)
-3
Calculate (-18 - (2 + -8)) + (1 - (4 + -3)).
-12
Evaluate -26 - (24 - (25 + 10)).
-15
What is the value of 14 + -1 + 133 + -139?
7
What is the value of 20 + (2 - 15) - 6?
1
What is the value of -12 + 3 + 29 - (-20 - -18)?
22
Calculate 0 + -6 + 5 + -1 + 9.
7
What is -1 + 20 + 94 + -108?
5
-9 + (-14 - -10) + 1
-12
50 + -21 + -56 - -42
15
What is the value of (-2 - -21) + (12 - (17 - 7 - -3))?
18
What is -16 + -1 + 1 - (-66 + 37 + 30)?
-17
Calculate -30 + (-28 - (-29 + -15)).
-14
(3 - 9) + -4 + 3 + 15 + -3
5
Calculate 41 + -36 + -16 - -36.
25
What is the value of 2 + (-6 - (19 - (-12 - -22)))?
-13
Evaluate (-1 - 20) + (35 + 35 - 71).
-22
What is 11 + (1 - 0) + 59 + -61?
10
What is 2 + 25 + (133 - 153)?
7
What is the value of -1 + -11 - (-56 - -59 - (1 + 2))?
-12
What is the value of -6 + 21 + (13 - 6)?
22
Calculate 0 + 10 + -15 + -5.
-10
What is (1 + 7 - ((-4 - -45) + -36)) + -33?
-30
What is the value of 15 + -21 + 0 + 5 + 1?
0
0 + -2 + 0 + (22 - 30 - -21)
11
Evaluate 14 - 10 - (4 + -9).
9
Calculate (-1 + 18 - 8) + (0 - 3).
6
What is the value of 41 - (11 + -8 + 20)?
18
What is the value of (37 - 11 - 9) + -12 - (13 + 0)?
-8
1 + -17 + 3 + 3 + 1
-9
Evaluate (-8 + 5 - (-1 + -9)) + 3 + 16.
26
What is 28 + -20 + -19 + 10 + (-3 - 0)?
-4
(-2 - -4) + -7 + -14 + 22 + 7
10
Evaluate 1 + -6 + -15 + -2 + 20.
-2
What is the value of (2 - 10 - -2) + (1 - -2)?
-3
What is the value of (-40 - (5 - 10 - 3)) + 21 + -16?
-27
What is the value of 32 - (122 - 29 - 30)?
-31
Evaluate 2 + -23 + 17 + (0 - 8).
-12
Evaluate -11 + 6 + -9 + 22.
8
Calculate -2 - -9 - (5 - 5) - -2.
9
Evaluate 12 + (10 - 9) + -20 - (-1 + -4).
-2
Evaluate 4 + -4 + -14 + 2.
-12
Calculate -31 - -15 - -9 - -2.
-5
What is -2 + -1 + 1 - (32 + -35)?
1
What is -5 + (1 - -2 - (-42 - -53))?
-13
(-3 - (-3 + 3 - 7)) + -7
-3
What is 12 + (-4 + (-1 - 3) - -12)?
16
What is -14 + 37 + 7 + -11 + 10?
29
Evaluate 3 + -4 + -4 + 0 - -4.
-1
Evaluate -2 + (-8 - (3 + -8) - -12) + -2.
5
(30 - (21 - (-2 - -2))) + (-1 - 10)
-2
What is -22 + -50 + 64 + 6 + 1?
-1
What is the value of (-8 - -22) + (-15 - (-17 + 16))?
0
Calculate (3 - 21 - -8) + 5 + 5.
0
Calculate (13 - -35) + -29 - 21.
-2
What is the value of 10 + 4 + -117 + 129?
26
(-106 - -97) + 0 + (9 - 1)
-1
Evaluate (3 - 6) + -3 + -7 + 14 + 5.
6
Evaluate -3 - -23 - 10 - (-1 - -1).
10
What is the value of 5 - (44 + -44 + (0 - -12) + -6)?
-1
Evaluate -9 + 1 + (76 - 84).
-16
What is the value of -13 + 0 + -9 + 19?
-3
(-11 - 14) + 3 + 24
2
What is (-6 - (-4 + 2)) + 0 + -2 + 9?
3
What is the value of -2 + -9 + 8 - (-9 - -1)?
5
Calculate 5 - ((-2 - -17) + (0 - 23)).
13
Calculate -8 - ((-2 - (6 + -12 - -5)) + -7).
0
Evaluate -12 - (-17 - 4) - 9.
0
-47 - -26 - -14 - -35
28
What is 7 + (4 - (-7 + 3)) + -9?
6
What is the value of (2 - 0) + -11 + -11 + (9 - 3)?
-14
-71 + 92 + (1 - 2)
20
0 + -8 + 7 + -13 + (8 - 1)
-7
What is -17 + 18 - -5 - (8 + 1)?
-3
22 - (66 + (-18 - 13))
-13
What is -6 - 2 - (-24 + (27 - 20))?
9
Calculate (-28 - 1 - (-97 + 86)) + 6.
-12
10 + 7 - 21 - -19 - 22
-7
What is the value of -26 - (-19 - -7) - -22 - -5?
13
Evaluate -9 + (5 - -1) + -7.
-10
What is (5 - 0 - 4) + 2 + (43 - 52)?
-6
-3 + 8 + (-88 - -44) + 30
-9
Calculate -1 - (7 - (-6 + 3 + 0 + 5)).
-6
What is the value of (3 - (-9 - -13)) + -4 + 4 + -2?
-3
(-13 - (-15 + 23 - -7)) + 11
-17
What is the value of -2 - (-8 - (-5 + 1)) - -2?
4
Evaluate -20 + (0 + -4 - (-88 - -80)).
-16
Calculate 7 - 1 - (-23 + 35 + -15) - -5.
14
What is the value of 27 + (21 - (-16 - -49))?
15
What is (5 - 3) + (1 - -7) - -1?
11
2 - ((-3 - -9) + (-2 - (8 - 3)))
3
Calculate (4 - 19) + -51 + 91.
25
Evaluate 20 + -21 + 0 + 7.
6
Calculate (8 - ((-9 + 1 - -9) + 2)) + 14.
19
4 + -25 + 138 + -140
-23
Calculate (-11 - -3 - -19) + -3.
8
Evaluate -21 + 3 + 39 + -35.
-14
What is the value of -13 - (0 + -2 + 10 + (-30 - -23))?
-14
Evaluate (0 - (2 - 11)) + -9 - (22 + 0).
-22
Calculate -14 + (13 - -12 - 16) + 13.
8
What is (-16 + 20 - -23) + -17?
10
Evaluate -185 + 97 - -72 - (-1 - -12).
-27
What is the value of -22 - -2 - (-196 - -191)?
-15
What is the value of -13 + -2 + 33 + -13 + -8?
-3
Calculate -3 + -2 - (-14 + 3 - -16) - 7.
-17
What is (-23 - 0 - (-40 + 34)) + -5 + 8?
-14
What is 38 - -1 - (10 - (-2 - 3))?
24
What is the value of 3 + -14 - -50 - 22?
17
Calculate -10 + (8 + 1 - (248 - 268)).
19
Evaluate (-7 + 15 - 24) + 27.
11
Evaluate 1 - -1 - -12 - (576 - 586).
24
0 - (1 - (12 - 3)) - (-132 + 126)
14
-7 - 23 - -3 - -52
25
Evaluate -151 + 133 + -2 + 14.
-6
Calculate -57 + 70 - (3 + (-1 - (1 - 0))).
12
Calculate (22 - 12) + -16 - -6.
0
What is the value of 127 + -101 - (1 + 24)?
1
Calculate 7 + -1 + 2 + (100 - (67 - -26)).
15
What is the value of 19 + -20 + (7 + -14 - 5) + -4?
-17
Evaluate 5 - (-1 - (-7 + 22)).
21
What is the value of -19 + 35 + (-9 - 1 - (-29 + 23))?
12
Calculate (4 - 1) + (69 - 76) - 7.
-11
Evaluate -14 - (-4 + 4 + -3 + 1 + -5).
-7
0 + (-4 - -3) + -6 - (-18 - -12)
-1
Calculate 13 + -17 + -6 + -8.
-18
Evaluate 4 + (-8 + 25 - 34) - 11.
-24
What is 164 + -200 - (1 - 21)?
-16
Calculate -3 - (-12 + 34 + -12).
-13
What is the value of (7 - ((-9 - -14) + 11 + -10)) + -35?
-34
Evaluate -30 - ((-14 - -22) + -23).
-15
-7 + 4 - (-13 + -6 + 17)
-1
Calculate 46 - 37 - (-6 - -1).
14
Calculate 43 - 6 - 15 - (6 + -4 + -9).
29
Evaluate -59 + 105 + -33 - (14 - 1).
0
What is the value of 36 + -24 + 7 - 46?
-27
(8 + -5 - 5 - -5) + -10
-7
What is the value